08 is divided by 86?
78
What is the remainder when 470 is divided by 146?
32
What is the remainder when 188 is divided by 27?
26
What is the remainder when 168 is divided by 40?
8
What is the remainder when 360 is divided by 122?
116
What is the remainder when 216 is divided by 49?
20
Calculate the remainder when 176 is divided by 55.
11
Calculate the remainder when 3975 is divided by 78.
75
What is the remainder when 123 is divided by 43?
37
What is the remainder when 27 is divided by 4?
3
What is the remainder when 7598 is divided by 28?
10
What is the remainder when 276 is divided by 139?
137
Calculate the remainder when 504 is divided by 17.
11
Calculate the remainder when 20 is divided by 11.
9
What is the remainder when 45 is divided by 29?
16
What is the remainder when 77 is divided by 13?
12
Calculate the remainder when 7025 is divided by 1755.
5
What is the remainder when 183 is divided by 38?
31
Calculate the remainder when 299 is divided by 60.
59
Calculate the remainder when 227 is divided by 160.
67
What is the remainder when 670 is divided by 331?
8
What is the remainder when 232 is divided by 72?
16
What is the remainder when 207 is divided by 46?
23
What is the remainder when 110 is divided by 60?
50
Calculate the remainder when 252 is divided by 87.
78
Calculate the remainder when 273 is divided by 23.
20
What is the remainder when 605 is divided by 32?
29
Calculate the remainder when 38 is divided by 26.
12
Calculate the remainder when 89 is divided by 33.
23
What is the remainder when 444 is divided by 67?
42
Calculate the remainder when 676 is divided by 90.
46
Calculate the remainder when 644 is divided by 4.
0
Calculate the remainder when 122 is divided by 5.
2
Calculate the remainder when 1157 is divided by 4.
1
Calculate the remainder when 3569 is divided by 29.
2
What is the remainder when 358 is divided by 125?
108
Calculate the remainder when 843 is divided by 314.
215
Calculate the remainder when 243 is divided by 6.
3
Calculate the remainder when 50 is divided by 28.
22
Calculate the remainder when 2724 is divided by 29.
27
Calculate the remainder when 241 is divided by 61.
58
What is the remainder when 229 is divided by 78?
73
What is the remainder when 257 is divided by 91?
75
Calculate the remainder when 1278 is divided by 128.
126
What is the remainder when 240 is divided by 64?
48
Calculate the remainder when 4906 is divided by 70.
6
Calculate the remainder when 2687 is divided by 671.
3
Calculate the remainder when 1366 is divided by 36.
34
Calculate the remainder when 201 is divided by 69.
63
What is the remainder when 380 is divided by 8?
4
Calculate the remainder when 590 is divided by 33.
29
What is the remainder when 889 is divided by 33?
31
Calculate the remainder when 929 is divided by 454.
21
Calculate the remainder when 531 is divided by 30.
21
Calculate the remainder when 11241 is divided by 31.
19
Calculate the remainder when 26 is divided by 3.
2
Calculate the remainder when 78 is divided by 28.
22
What is the remainder when 180 is divided by 89?
2
What is the remainder when 11609 is divided by 54?
53
What is the remainder when 60 is divided by 11?
5
Calculate the remainder when 17 is divided by 2.
1
What is the remainder when 2294 is divided by 13?
6
What is the remainder when 5723 is divided by 69?
65
What is the remainder when 201 is divided by 61?
18
Calculate the remainder when 370 is divided by 299.
71
Calculate the remainder when 222 is divided by 112.
110
What is the remainder when 30 is divided by 25?
5
Calculate the remainder when 3485 is divided by 233.
223
What is the remainder when 3741 is divided by 72?
69
What is the remainder when 22 is divided by 8?
6
What is the remainder when 200 is divided by 53?
41
Calculate the remainder when 541 is divided by 174.
19
What is the remainder when 100 is divided by 7?
2
Calculate the remainder when 1143 is divided by 52.
51
Calculate the remainder when 201 is divided by 103.
98
What is the remainder when 204 is divided by 44?
28
What is the remainder when 156 is divided by 65?
26
What is the remainder when 381 is divided by 6?
3
Calculate the remainder when 189 is divided by 80.
29
What is the remainder when 4271 is divided by 95?
91
Calculate the remainder when 52 is divided by 9.
7
What is the remainder when 226 is divided by 115?
111
What is the remainder when 732 is divided by 280?
172
Calculate the remainder when 291 is divided by 83.
42
Calculate the remainder when 75 is divided by 36.
3
What is the remainder when 605 is divided by 21?
17
Calculate the remainder when 865 is divided by 58.
53
What is the remainder when 60 is divided by 3?
0
Calculate the remainder when 408 is divided by 144.
120
What is the remainder when 157 is divided by 136?
21
What is the remainder when 151 is divided by 39?
34
Calculate the remainder when 2705 is divided by 69.
14
What is the remainder when 9155 is divided by 14?
13
Calculate the remainder when 564 is divided by 131.
40
Calculate the remainder when 1001 is divided by 14.
7
Calculate the remainder when 78 is divided by 21.
15
Calculate the remainder when 176 is divided by 18.
14
Calculate the remainder when 1010 is divided by 46.
44
Calculate the remainder when 85 is divided by 15.
10
Calculate the remainder when 437 is divided by 55.
52
What is the remainder when 105 is divided by 39?
27
Calculate the remainder when 1428 is divided by 88.
20
What is the remainder when 72 is divided by 19?
15
What is the remainder when 231 is divided by 12?
3
Calculate the remainder when 2830 is divided by 19.
18
Calculate the remainder when 9850 is divided by 12.
10
What is the remainder when 138 is divided by 70?
68
Calculate the remainder when 487 is divided by 132.
91
Calculate the remainder when 1217 is divided by 122.
119
Calculate the remainder when 45 is divided by 33.
12
Calculate the remainder when 208 is divided by 72.
64
Calculate the remainder when 179 is divided by 170.
9
What is the remainder when 634 is divided by 78?
10
Calculate the remainder when 434 is divided by 73.
69
What is the remainder when 40 is divided by 7?
5
Calculate the remainder when 1832 is divided by 39.
38
Calculate the remainder when 1209 is divided by 110.
109
Calculate the remainder when 756 is divided by 76.
72
What is the remainder when 291 is divided by 14?
11
What is the remainder when 508 is divided by 498?
10
What is the remainder when 1737 is divided by 433?
5
Calculate the remainder when 81 is divided by 59.
22
Calculate the remainder when 105 is divided by 26.
1
Calculate the remainder when 484 is divided by 9.
7
Calculate the remainder when 312 is divided by 43.
11
What is the remainder when 1021 is divided by 33?
31
What is the remainder when 495 is divided by 62?
61
What is the remainder when 245 is divided by 32?
21
What is the remainder when 4265 is divided by 4245?
20
What is the remainder when 2495 is divided by 51?
47
Calculate the remainder when 1707 is divided by 95.
92
Calculate the remainder when 6 is divided by 4.
2
What is the remainder when 115 is divided by 49?
17
Calculate the remainder when 103 is divided by 35.
33
What is the remainder when 62221 is divided by 106?
105
Calculate the remainder when 145 is divided by 76.
69
Calculate the remainder when 131 is divided by 76.
55
Calculate the remainder when 284 is divided by 271.
13
Calculate the remainder when 1596 is divided by 48.
12
What is the remainder when 4078 is divided by 48?
46
Calculate the remainder when 329 is divided by 74.
33
What is the remainder when 94 is divided by 12?
10
What is the remainder when 566 is divided by 80?
6
Calculate the remainder when 6 is divided by 3.
0
Calculate the remainder when 303 is divided by 71.
19
What is the remainder when 3454 is divided by 315?
304
Calculate the remainder when 386 is divided by 9.
8
Calculate the remainder when 149 is divided by 38.
35
What is the remainder when 597 is divided by 35?
2
What is the remainder when 6037 is divided by 39?
31
Calculate the remainder when 196 is divided by 29.
22
What is the remainder when 503 is divided by 59?
31
What is the remainder when 59 is divided by 17?
8
What is the remainder when 5338 is divided by 6?
4
What is the remainder when 1749 is divided by 1